 by x?
5
Let o = -1280 + 1479. What is the remainder when o is divided by 8?
7
Let t be (0 - -1)/(-2 + 1). Let d be t + -1 + 89 - 0. Suppose -c = -2*c - 1, -4*n = -3*c - d. What is the remainder when 39 is divided by n?
18
Let l = -662 + 726. What is the remainder when 74 is divided by l?
10
Let k = 893 - 879. Calculate the remainder when k is divided by (-4)/6*(-15)/2.
4
Suppose 0 = -4*m - 5*b + 5, -4*b = 3*m + 1 - 5. Suppose m = 5*q + 5*o - 75, 0 = -3*q + o - 0*o + 61. Calculate the remainder when 54 is divided by q.
16
Suppose -708 = -2*l - 4*z, 2*l = 3*l + z - 353. Calculate the remainder when 1067 is divided by l.
11
Let g = -12315 - -12358. Let b = -265 - -436. Calculate the remainder when b is divided by g.
42
Suppose -513*o + 519*o = 30. Calculate the remainder when 152 is divided by o.
2
Suppose 2*o - 6*o + 8 = 0, 0 = 4*g - 5*o + 22. Let x(s) = -s**3 - s**2 + 2*s + 1. Calculate the remainder when 48 is divided by x(g).
9
Suppose 348 = 3*j - 9*j. Let r = j - -108. Calculate the remainder when 147 is divided by r.
47
Let p(g) = g**2 - 14*g - 160. What is the remainder when 557 is divided by p(-10)?
77
Let u = -798 + 808. Let w = 1 + -2. What is the remainder when w/(-4) - 230/(-8) is divided by u?
9
Suppose 2*p + 2 = x, -2*p + 6 = 3*x - 4*p. Suppose -4*f = 7*h - x*h - 213, f + 183 = 4*h. What is the remainder when h is divided by 16?
13
Suppose a + 3*q = -6, -2*q - 9 = 1. Calculate the remainder when (-2)/(3 - (-262)/(-86)) is divided by a.
7
Let g be 1/3*155*-3. Let v = g - -109. Let s = 89 + v. What is the remainder when s is divided by 12?
7
Calculate the remainder when 394 is divided by (2/(-2))/(5*(-4)/1320).
64
Let v be (0 + -69)/1*(-1)/3. Suppose u - v = 117. What is the remainder when u is divided by 37?
29
Let d(h) = 28 - 29 + 20 - h. What is the remainder when d(-8) is divided by (-10)/(-4)*3*2?
12
Let m = -256 + 517. Suppose 15*z = 6*z + m. Calculate the remainder when z is divided by 8.
5
Let j = -966 + 996. Calculate the remainder when 90 is divided by j.
0
Let q(d) = 3*d + 3. Suppose 2*z - v - 164 = 0, -2*v + 218 = 4*z - 102. What is the remainder when z is divided by q(6)?
18
Let d = -12 + 17. Suppose -38*b + 1400 = 12*b. What is the remainder when b is divided by d?
3
Suppose 15*c - 1399 - 11 = 0. Calculate the remainder when 372 is divided by c.
90
Let g(j) = -j**3 - 7*j**2 - j + 5. Calculate the remainder when -2 + 0 + 54 + -7 is divided by g(-7).
9
Let c = 43 + -4. Suppose 0 = -h - 2*o + 16, 7*o - 6*o = 0. Calculate the remainder when c is divided by h.
7
Let l(g) = g**2 - 6*g - 4. Let x = 16 + -9. Let q be l(x). Suppose 43 = m - 2*n, q*m - n - 97 = -3*n. Calculate the remainder when m is divided by 12.
11
Suppose 0 = 106*p - 62*p - 3916. Calculate the remainder when 137 is divided by p.
48
Let b(q) = -31*q - 2. Let o be (-39)/(-15) + (-4)/(-10). Suppose 0 = -o*m + m + 5*l - 12, 0 = -m - 2*l + 3. Calculate the remainder when b(m) is divided by 10.
9
What is the remainder when 1 + 1436 + 10/(-20)*0 is divided by 96?
93
Let i = -1180 - -1526. What is the remainder when i is divided by 25?
21
Let b = -20 - -27. Calculate the remainder when 27 is divided by ((-14)/6)/(b/(-42)).
13
Suppose -1 = -3*c + 2, 2*c = 2*i + 14. Let v be (i/8)/((-9)/36). Let a = v - -3. What is the remainder when 11 is divided by a?
5
Let y(n) = -n**2 - 16*n + 2. Let q be y(-13). Let d = 78 + q. What is the remainder when d is divided by 32?
23
Let v(f) be the second derivative of 3*f + 0 + 0*f**3 - 1/2*f**2 + 13/4*f**4. Calculate the remainder when v(1) is divided by 20.
18
Let p(q) = q**2 - 7*q + 8. Let j be ((-6)/3 - 0) + 9. What is the remainder when 39 is divided by p(j)?
7
Let o(g) be the third derivative of -g**5/60 + 5*g**4/24 + 7*g**3/6 - 2*g**2. Let w be o(6). What is the remainder when 49 is divided by (-212)/(-8) + w/(-2)?
23
Let w = -18 - -36. Let n = 165 + -77. Calculate the remainder when n is divided by w.
16
Let x(d) = 11*d - 47. Calculate the remainder when x(7) is divided by 10.
0
Let h(x) = -x - 7 + x**2 + 19 - 4*x**2 + 6*x**2 - x**3. What is the remainder when 83 is divided by h(0)?
11
Let u be (18/15)/((-1)/5). Suppose -i - q + 0 = -15, 4*q + 24 = 3*i. Calculate the remainder when i is divided by 4/(-6) - 46/u.
5
Suppose 3*c + 2*q - 1 = 0, 10 = 4*c - q - 6. Let g(z) = 6 + 4 - 15*z**2 + 7 - 17*z - z**c. Calculate the remainder when g(-14) is divided by 15.
14
Let u(c) = c**3 + 15*c**2 + 4*c + 21. Let s be u(-15). Let w = s - -48. What is the remainder when 78 is divided by w?
6
Let i be 3*(-2)/6*-93. Suppose 5*y = -0*y, 3*t - i = -5*y. Suppose 3*z = 5 + t. Calculate the remainder when z is divided by 5.
2
Let q = 29 + -21. Suppose 158 = 16*b - 82. What is the remainder when b is divided by q?
7
Let j be (3*2)/(8/(-4)). Let c = j + -3. What is the remainder when c/(-4) - (-243)/18 is divided by 10?
5
Let l(d) = d**3 - 6*d**2 + 6*d - 2. Let x be l(5). What is the remainder when (-310)/40*-1*4 is divided by 9 + x/(-3)*1?
7
Suppose 0 = -6*l - 19 + 13. Let g(r) = -24*r**3 - 2*r**2. What is the remainder when (-9 + 1)/((-2)/16) is divided by g(l)?
20
Let p = -66 + 67. Let j(k) = k**2 - k + 2. What is the remainder when 6 is divided by j(p)?
0
Suppose 4*k = d - 11 - 10, 2*k = -3*d + 119. Calculate the remainder when 590 is divided by d.
35
What is the remainder when 1566 + (12/8 - (-55)/(-22)) is divided by 29?
28
Suppose 5297 = 17*h - 11397. What is the remainder when h is divided by 58?
54
Let h(m) = -2*m - 23. Let w(t) = -t - 12. Let i(k) = 4*h(k) - 9*w(k). Let d be i(0). Let n = 32 - d. Calculate the remainder when 30 is divided by n.
14
Let a = 13 - 10. Let n(s) = s**3 - 6*s**2 + 7*s + 1. Calculate the remainder when n(5) is divided by 3 - 0/(5 - a).
2
Suppose -7*m = -2*m - 20. Let b be ((-14)/(-3))/(m/48). Let c = b - 28. What is the remainder when c is divided by 15?
13
Let t(g) = -11*g - 57. Calculate the remainder when t(-15) is divided by 19.
13
Suppose 495*t - 60 = 493*t. Calculate the remainder when t is divided by 9.
3
Suppose 17*b = -0 + 340. What is the remainder when 78 is divided by b?
18
Suppose -3*y + 54 = -0*y. Suppose 0 = -2*r - 0 + 28. Suppose 13*b = r*b - 52. Calculate the remainder when b is divided by y.
16
Suppose -4*u - 19 - 50 = j, 15 = -u + 2*j. Suppose -3*x + 5*v + 255 = x, -2*v + 114 = 2*x. Calculate the remainder when x is divided by (-170)/u - (-1)/(-1).
6
Suppose 2*s + 4*f = -15 + 7, -s + 8 = -4*f. Let w = 1 - s. Let d = -5 - -7. Calculate the remainder when d is divided by w.
0
Suppose 2*f - 13*f = -561. What is the remainder when 813 is divided by f?
48
Let l(s) = -s**3 - 10*s**2 - 5*s - 21. What is the remainder when 49 is divided by l(-10)?
20
Suppose -6*g + g = -10. Suppose 0*f = -g*f - 26. Calculate the remainder when 46 is divided by (-154)/f + 6/39.
10
Let m(y) = 248*y**2 - 10*y + 10. What is the remainder when m(1) is divided by 3?
2
Let a be 8/(3 - 7) + -44. Let p = 218 - 145. Let j = a + p. What is the remainder when j is divided by 14?
13
Let q(j) = -j**3 - 5*j**2 - 2*j - 3. Suppose -7 = f + m + 1, 0 = 2*f + m + 14. Calculate the remainder when q(f) is divided by 16.
13
Suppose -4*i + 2*a - 203 = -i, -i - 46 = -5*a. Let y = 188 + i. Calculate the remainder when 47 is divided by 154/13 + 18/y.
11
Let h be (-5 - 85/(-15)) + 8/(-3). Calculate the remainder when h + (-376)/(-7) - (-12)/42 is divided by 27.
25
Let a = 562 + -302. Suppose 7*x + 1 = 36. Suppose 0 = -5*l + x*z + a, -2*z = -2*l + 3*l - 46. What is the remainder when l is divided by 13?
11
Suppose 18*m - 811 - 35 = 0. Calculate the remainder when 242 is divided by m.
7
Let c(g) = g**2 + 4*g - 3. Let t be c(-5). Let l = -17 + 20. Suppose -l*q - t*q = -40. Calculate the remainder when 23 is divided by q.
7
Let i(u) = -u**2 + 3*u + 23. What is the remainder when 47 is divided by i(0)?
1
Suppose 0 = 117*t - 127*t + 710. Suppose 3*b - 39 = 5*p, -3*b = -4*p + 3*p - 51. What is the remainder when t is divided by b?
17
Suppose 5*a + 12 = 67. What is the remainder when a is divided by (8/6)/(524/1179)?
2
Suppose 28*g - 35*g + 3451 = 0. Calculate the remainder when g is divided by 173.
147
What is the remainder when 990 is divided by (-1 - 15)/(73 - 75)?
6
Let t be 387*30/25 - 2/5. Let y be 3 + 1 - (-2)/2. Suppose y*g + j = 3*j + t, 3*j 